{"id":61,"date":"2020-01-23T18:21:52","date_gmt":"2020-01-23T18:21:52","guid":{"rendered":"https:\/\/demosites.io\/web-agency-gb\/?page_id=61"},"modified":"2023-02-18T22:54:04","modified_gmt":"2023-02-18T22:54:04","slug":"15c42-web-agency-gb-about-us","status":"publish","type":"page","link":"https:\/\/www.holzbaustraub.de\/?page_id=61","title":{"rendered":"\u00dcber mich"},"content":{"rendered":"\n<div class=\"wp-block-cover alignfull\" style=\"min-height:471px\"><span aria-hidden=\"true\" class=\"wp-block-cover__background has-nv-light-bg-background-color has-background-dim-100 has-background-dim\"><\/span><div class=\"wp-block-cover__inner-container\">\n<div class=\"is-layout-flow wp-block-group\"><div class=\"wp-block-group__inner-container\">\n<div class=\"is-layout-flex wp-container-3 wp-block-columns are-vertically-aligned-center has-neve-text-color-color has-text-color\">\n<div class=\"is-layout-flow wp-block-column is-vertically-aligned-center\" style=\"flex-basis:50%\">\n<figure class=\"wp-block-image size-large\"><img decoding=\"async\" loading=\"lazy\" width=\"1024\" height=\"576\" src=\"https:\/\/www.holzbaustraub.de\/wp-content\/uploads\/2023\/02\/image036-1024x576.jpg\" alt=\"\" class=\"wp-image-471\" srcset=\"https:\/\/www.holzbaustraub.de\/wp-content\/uploads\/2023\/02\/image036-1024x576.jpg 1024w, https:\/\/www.holzbaustraub.de\/wp-content\/uploads\/2023\/02\/image036-300x169.jpg 300w, https:\/\/www.holzbaustraub.de\/wp-content\/uploads\/2023\/02\/image036-768x432.jpg 768w, https:\/\/www.holzbaustraub.de\/wp-content\/uploads\/2023\/02\/image036.jpg 1200w\" sizes=\"(max-width: 1024px) 100vw, 1024px\" \/><\/figure>\n<\/div>\n\n\n\n<div class=\"is-layout-flow wp-block-column is-vertically-aligned-center\" style=\"flex-basis:50%\">\n<h2 class=\"has-neve-text-color-color has-text-color\">\u00dcber mich<\/h2>\n\n\n\n<p class=\"has-neve-text-color-color has-text-color\">Im April 1992 habe ich meine Meisterpr\u00fcfung im Zimmererhandwerk abgelegt. Nach verschiedenen Anstellungen als Zimmerermeister habe ich mich im Jahr 2006 dazu entschlossen, meine bis dahin nebengewerblich ausge\u00fcbte selbstst\u00e4ndige T\u00e4tigkeit hauptberuflich auszu\u00fcben. Hierbei bin ich immer selbst vor Ort und ziehe bei gr\u00f6\u00dferen Projekten Gesch\u00e4ftspartner hinzu. Sofern gew\u00fcnscht, k\u00f6nnen durch Eigenleistungen der Bauherrschaft die Baukosten reduziert werden. &nbsp;<\/p>\n<\/div>\n<\/div>\n<\/div><\/div>\n<\/div><\/div>\n","protected":false},"excerpt":{"rendered":"","protected":false},"author":1,"featured_media":0,"parent":0,"menu_order":0,"comment_status":"closed","ping_status":"closed","template":"","meta":{"neve_meta_sidebar":"default","neve_meta_container":"default","neve_meta_enable_content_width":"on","neve_meta_content_width":100,"neve_meta_title_alignment":"","neve_meta_author_avatar":"","neve_post_elements_order":"","neve_meta_disable_header":"","neve_meta_disable_footer":"","neve_meta_disable_title":"on","_themeisle_gutenberg_block_has_review":false,"_ti_tpc_template_sync":false,"_ti_tpc_template_id":"0qhau2t6eoekosrgo1a2"},"_links":{"self":[{"href":"https:\/\/www.holzbaustraub.de\/index.php?rest_route=\/wp\/v2\/pages\/61"}],"collection":[{"href":"https:\/\/www.holzbaustraub.de\/index.php?rest_route=\/wp\/v2\/pages"}],"about":[{"href":"https:\/\/www.holzbaustraub.de\/index.php?rest_route=\/wp\/v2\/types\/page"}],"author":[{"embeddable":true,"href":"https:\/\/www.holzbaustraub.de\/index.php?rest_route=\/wp\/v2\/users\/1"}],"replies":[{"embeddable":true,"href":"https:\/\/www.holzbaustraub.de\/index.php?rest_route=%2Fwp%2Fv2%2Fcomments&post=61"}],"version-history":[{"count":5,"href":"https:\/\/www.holzbaustraub.de\/index.php?rest_route=\/wp\/v2\/pages\/61\/revisions"}],"predecessor-version":[{"id":531,"href":"https:\/\/www.holzbaustraub.de\/index.php?rest_route=\/wp\/v2\/pages\/61\/revisions\/531"}],"wp:attachment":[{"href":"https:\/\/www.holzbaustraub.de\/index.php?rest_route=%2Fwp%2Fv2%2Fmedia&parent=61"}],"curies":[{"name":"wp","href":"https:\/\/api.w.org\/{rel}","templated":true}]}}